{"id":543,"date":"2026-01-20T23:00:13","date_gmt":"2026-01-20T14:00:13","guid":{"rendered":"https:\/\/life-safety.jp\/wordpress\/?page_id=543"},"modified":"2026-02-06T13:07:03","modified_gmt":"2026-02-06T04:07:03","slug":"country","status":"publish","type":"page","link":"https:\/\/life-safety.jp\/wordpress\/%e3%83%9b%e3%83%bc%e3%83%a0\/product\/country\/","title":{"rendered":"\u5404\u56fd\u5225\u3000\u52d5\u753b CARD-LOCK"},"content":{"rendered":"\n<div class=\"wp-block-columns is-layout-flex wp-container-core-columns-is-layout-28f84493 wp-block-columns-is-layout-flex\">\n<div class=\"wp-block-column is-layout-flow wp-block-column-is-layout-flow\">\n<figure class=\"wp-block-embed is-type-video is-provider-youtube wp-block-embed-youtube wp-embed-aspect-16-9 wp-has-aspect-ratio\"><div class=\"wp-block-embed__wrapper\">\n<iframe loading=\"lazy\" title=\"Une conception qui d\u00e9fie le crochetage. Z\u00e9ro \u00e9lectronique, z\u00e9ro souci.\u3000Life safety Co.,Ltd.\" width=\"500\" height=\"281\" src=\"https:\/\/www.youtube.com\/embed\/yK6zIhlwK9s?feature=oembed\" frameborder=\"0\" allow=\"accelerometer; autoplay; clipboard-write; encrypted-media; gyroscope; picture-in-picture; web-share\" referrerpolicy=\"strict-origin-when-cross-origin\" allowfullscreen><\/iframe>\n<\/div><figcaption class=\"wp-element-caption\"><strong>Fran\u00e7ais<\/strong><\/figcaption><\/figure>\n\n\n\n<figure class=\"wp-block-embed is-type-video is-provider-youtube wp-block-embed-youtube wp-embed-aspect-16-9 wp-has-aspect-ratio\"><div class=\"wp-block-embed__wrapper\">\n<iframe loading=\"lazy\" title=\"CARD-LOCK Estructuralmente imposible de ganzuar.Tampoco es una cerradura electr\u00f3nica. By Life safety\" width=\"500\" height=\"281\" src=\"https:\/\/www.youtube.com\/embed\/DTWhVfBhNK8?feature=oembed\" frameborder=\"0\" allow=\"accelerometer; autoplay; clipboard-write; encrypted-media; gyroscope; picture-in-picture; web-share\" referrerpolicy=\"strict-origin-when-cross-origin\" allowfullscreen><\/iframe>\n<\/div><figcaption class=\"wp-element-caption\"><strong>espa\u00f1ol<\/strong><\/figcaption><\/figure>\n<\/div>\n\n\n\n<div class=\"wp-block-column is-layout-flow wp-block-column-is-layout-flow\">\n<figure class=\"wp-block-embed is-type-video is-provider-youtube wp-block-embed-youtube wp-embed-aspect-16-9 wp-has-aspect-ratio\"><div class=\"wp-block-embed__wrapper\">\n<iframe loading=\"lazy\" title=\"Die Bauweise macht Picking unm\u00f6glich. Zudem ist es kein elektronischer Schl\u00fcssel.\u3000Life safety\" width=\"500\" height=\"281\" src=\"https:\/\/www.youtube.com\/embed\/t5vZXVQDKRQ?feature=oembed\" frameborder=\"0\" allow=\"accelerometer; autoplay; clipboard-write; encrypted-media; gyroscope; picture-in-picture; web-share\" referrerpolicy=\"strict-origin-when-cross-origin\" allowfullscreen><\/iframe>\n<\/div><figcaption class=\"wp-element-caption\"><strong>Deutsch<\/strong><\/figcaption><\/figure>\n\n\n\n<figure class=\"wp-block-embed is-type-video is-provider-youtube wp-block-embed-youtube wp-embed-aspect-16-9 wp-has-aspect-ratio\"><div class=\"wp-block-embed__wrapper\">\n<iframe loading=\"lazy\" title=\"CARD-LOCK\u3000Estruturalmente imposs\u00edvel de arrombar por meio de picking!N\u00e3o \u00e9 uma fechadura eletr\u00f4nica.\" width=\"500\" height=\"281\" src=\"https:\/\/www.youtube.com\/embed\/euOo6VFMGVY?feature=oembed\" frameborder=\"0\" allow=\"accelerometer; autoplay; clipboard-write; encrypted-media; gyroscope; picture-in-picture; web-share\" referrerpolicy=\"strict-origin-when-cross-origin\" allowfullscreen><\/iframe>\n<\/div><figcaption class=\"wp-element-caption\"><strong>Portugu\u00eas<\/strong><\/figcaption><\/figure>\n<\/div>\n\n\n\n<div class=\"wp-block-column is-layout-flow wp-block-column-is-layout-flow\">\n<figure class=\"wp-block-embed is-type-video is-provider-youtube wp-block-embed-youtube wp-embed-aspect-16-9 wp-has-aspect-ratio\"><div class=\"wp-block-embed__wrapper\">\n<iframe loading=\"lazy\" title=\"CARD-LOCK  Structurally impossible to pick. Always ready. No outages. No dead batteries.\" width=\"500\" height=\"281\" src=\"https:\/\/www.youtube.com\/embed\/Wiw_uBknfhs?feature=oembed\" frameborder=\"0\" allow=\"accelerometer; autoplay; clipboard-write; encrypted-media; gyroscope; picture-in-picture; web-share\" referrerpolicy=\"strict-origin-when-cross-origin\" allowfullscreen><\/iframe>\n<\/div><figcaption class=\"wp-element-caption\"><strong>English<\/strong><\/figcaption><\/figure>\n\n\n\n<figure class=\"wp-block-embed is-type-video is-provider-youtube wp-block-embed-youtube wp-embed-aspect-16-9 wp-has-aspect-ratio\"><div class=\"wp-block-embed__wrapper\">\n<iframe loading=\"lazy\" title=\"CARD\u2011LOCK: CARD\u2011LOCK: impossibile da scassinare, senza elettronica, solo pura sicurezza.\" width=\"500\" height=\"281\" src=\"https:\/\/www.youtube.com\/embed\/qI6wToOksuA?feature=oembed\" frameborder=\"0\" allow=\"accelerometer; autoplay; clipboard-write; encrypted-media; gyroscope; picture-in-picture; web-share\" referrerpolicy=\"strict-origin-when-cross-origin\" allowfullscreen><\/iframe>\n<\/div><figcaption class=\"wp-element-caption\"><strong>Italiano<\/strong><\/figcaption><\/figure>\n<\/div>\n<\/div>\n\n\n\n<h2 class=\"wp-block-heading\">\u52d5\u753b\u5185\u30b3\u30e1\u30f3\u30c8<\/h2>\n\n\n\n<p>Patented New Type of Lock<br>\u30ad\u30fc\u30db\u30fc\u30eb\u3092\u30b7\u30e3\u30c3\u30bf\u30fc\u3067\u9589\u3058\u3066\u3001\u30d4\u30c3\u30ad\u30f3\u30b0\u4e0d\u53ef\u80fd\u3002\u96fb\u5b50\u9320\u3067\u3082\u3042\u308a\u307e\u305b\u3093\u304b\u3089\u3001\u96fb\u6c60\u5207\u308c\u3001\u505c\u96fb\u306e\u5fc3\u914d\u306a\u3057\u3002<\/p>\n\n\n\n<p>Patented NewType of Lock<br>\u6b21\u4e16\u4ee3\u306e\u30bb\u30ad\u30e5\u30ea\u30c6\u30a3\u304c\u3042\u306a\u305f\u306e\u5bb6\u65cf\u3092\u5b88\u308a\u307e\u3059\u3002<br>\u30ad\u30fc\u30db\u30fc\u30eb\u3092\u30b7\u30e3\u30c3\u30bf\u30fc\u3067\u9589\u3058\u3066\u3001\u30d4\u30c3\u30ad\u30f3\u30b0\u3092\u4e0d\u53ef\u80fd\u306b\u3057\u307e\u3057\u305f\u3002<br>\u3053\u306e\u9320\u524d\u306f\u3001\u96fb\u5b50\u9320\u3067\u306f\u3042\u308a\u307e\u305b\u3093\u306e\u3067\u3001\u96fb\u6c60\u5207\u308c\u3001\u707d\u5bb3\u6642\u306e\u505c\u96fb\u306a\u3069\u306e\u5fc3\u914d\u3082\u3042\u308a\u307e\u305b\u3093\u3002<br>CARD-LOCK\u3067\u3042\u308c\u3070\u3001\u5bb6\u306b\u5165\u3063\u3066\u3001\u6ce5\u68d2\u3068\u9262\u5408\u308f\u305b\u3092\u3059\u308b\u306a\u3069\u3068\u3044\u3046\u4e8b\u6545\u3082\u7121\u304f\u306a\u308a\u307e\u3059\u3002<br>CARD-LOCK\u3000\u6b63\u5f0f\u540d\u79f0\u3000\u30bb\u30ad\u30e5\u30ea\u30c6\u30a3\u30ab\u30fc\u30c9\u8a8d\u8b58\u30b7\u30b9\u30c6\u30e0<br>\u3053\u308c\u306f\u3001\u7279\u8a31\u88fd\u54c1\u3067\u3059\u3002\u65e5\u672c\u7279\u8a31\u756a\u53f77659723<\/p>\n\n\n\n<p>\u7384\u95a2\u30c9\u30a2\u306e\u30ad\u30fc\u30db\u30fc\u30eb\u304c\u3001\u30b7\u30e3\u30c3\u30bf\u30fc\u3067\u9589\u3058\u3089\u308c\u3066\u3044\u307e\u3059\u3002\u30d4\u30c3\u30ad\u30f3\u30b0\u4e0d\u53ef\u80fd\u3067\u3059\u3002<br>\u30aa\u30ea\u30b8\u30ca\u30eb\u30ab\u30fc\u30c9\u3068\u3044\u3044\u307e\u3059\u3002<br>\u30aa\u30ea\u30b8\u30ca\u30eb\u30ab\u30fc\u30c9\u3092\u30dc\u30c3\u30af\u30b9\u306b\u633f\u5165\u3057\u3066\u3001\u84cb\u306e\u5185\u5074\u3067\u8a8d\u8b58\u3055\u305b\u308b\u3068\u3001\u30b7\u30e3\u30c3\u30bf\u30fc\u3092\u958b\u3051\u3089\u308c\u307e\u3059\u3002<\/p>\n\n\n\n<p>\u7384\u95a2\u30c9\u30a2\u306e\u9320\u3092\u958b\u3051\u308b\u3068\u3001\u3053\u308c\u3068\u9023\u52d5\u3057\u3066\u3001\u30dc\u30c3\u30af\u30b9\u306e\u84cb\u306b\u30ed\u30c3\u30af\u304c\u304b\u304b\u308a\u307e\u3059\u3002<\/p>\n\n\n\n<p>\u30dc\u30c3\u30af\u30b9\u306e\u30ed\u30c3\u30af\u3092\u958b\u3051\u306a\u3044\u3088\u3046\u306b\u3001Lock-\uff11<br>\u84cb\u306e\u30ed\u30c3\u30af\u3082\u3057\u3066\u304a\u304d\u307e\u3057\u3087\u3046\u3002<\/p>\n\n\n\n<p>\u4eca\u5ea6\u306f\u3001\u51fa\u304b\u3051\u308b\u6642\u3067\u3059\u3002<br>\u7384\u95a2\u30c9\u30a2\u306e\u9320\u3092\u7de0\u3081\u308b\u3068\u3001\u30dc\u30c3\u30af\u30b9\u306e\u30ed\u30c3\u30af\u304c\u958b\u304d\u307e\u3059\u3002<br>\u30b7\u30e3\u30c3\u30bf\u30fc\u3092\u9589\u3058\u307e\u3057\u3087\u3046\u3002<br>BOX\u306e\u4e2d\u306e\u30aa\u30ea\u30b8\u30ca\u30eb\u30ab\u30fc\u30c9\u3092\u53d6\u308a\u51fa\u3059\u3068\u3001\u3082\u3046\u30b7\u30e3\u30c3\u30bf\u30fc\u306f\u5143\u306b\u623b\u308a\u307e\u305b\u3093\u3002<br>BOX\u306e\u84cb\u3092\u7de0\u3081\u305f\u3089\u3001\u51fa\u304b\u3051\u307e\u3057\u3087\u3046\u3002<\/p>\n\n\n\n<p>Life safety<br>\u3042\u306a\u305f\u306e\u5b89\u5168\u3068\u5b89\u5fc3\u3092\u5fdc\u63f4\u3057\u307e\u3059\u3002<br>\u3053\u308c\u306f\u3001\u7279\u8a31\u88fd\u54c1\u3067\u3059\u3002\u6b63\u5f0f\u540d\u79f0\u3000\u30bb\u30ad\u30e5\u30ea\u30c6\u30a3\u30ab\u30fc\u30c9\u8a8d\u8b58\u30b7\u30b9\u30c6\u30e0<br>\u3000\u3000\u3000\u3000\u3000\u3000\u3000\u3000\u3000\u3000\u3000\u7279\u8a31\u756a\u53f7\u3000\uff17\uff16\uff15\uff19\uff17\uff12\uff13<br>\u30a2\u30cb\u30e1\u30fc\u30b7\u30e7\u30f3\u306f\u3042\u304f\u307e\u3067\u6982\u7565\u3067\u3059\u3002\u8a73\u7d30\u306f\u3001<br>\u7279\u8a31\u5e81PlatPat\u3000\u958b\u653e\u7279\u8a31\u60c5\u5831\u30c7\u30fc\u30bf\u30d9\u30fc\u30b9\u3000\u307e\u3067\u3002<br>\u7279\u8a31\u5b9f\u65bd\u8a31\u8afe\u5951\u7d04\u52df\u96c6\u3002<br>PCT\u56fd\u969b\u51fa\u9858\u4e2d\u3002<br>\u682a\u5f0f\u4f1a\u793e Life safety   URL https:\/\/life-safety.jp\/wordpress\/<br>\u88fd\u9020\u8ca9\u58f2\u5143\u304c\u6c7a\u307e\u308a\u6b21\u7b2c\u304a\u77e5\u3089\u305b\u3067\u304d\u307e\u3059\u3002<br>YouTube\u767b\u9332\u304a\u9858\u3044\u3044\u305f\u3057\u307e\u3059\u3002<br><br><br><br><\/p>\n","protected":false},"excerpt":{"rendered":"<p>\u5404\u56fd\u8a00\u8a9e\u306e\u52d5\u753b\u3068\u3001\u52d5\u753b\u5185\u30b3\u30e1\u30f3\u30c8\u3092\u63b2\u8f09\u3057\u3066\u3044\u307e\u3059\u3002<\/p>\n","protected":false},"author":1,"featured_media":0,"parent":489,"menu_order":0,"comment_status":"closed","ping_status":"closed","template":"","meta":{"vkexunit_cta_each_option":"","footnotes":""},"class_list":["post-543","page","type-page","status-publish","hentry"],"_links":{"self":[{"href":"https:\/\/life-safety.jp\/wordpress\/wp-json\/wp\/v2\/pages\/543","targetHints":{"allow":["GET"]}}],"collection":[{"href":"https:\/\/life-safety.jp\/wordpress\/wp-json\/wp\/v2\/pages"}],"about":[{"href":"https:\/\/life-safety.jp\/wordpress\/wp-json\/wp\/v2\/types\/page"}],"author":[{"embeddable":true,"href":"https:\/\/life-safety.jp\/wordpress\/wp-json\/wp\/v2\/users\/1"}],"replies":[{"embeddable":true,"href":"https:\/\/life-safety.jp\/wordpress\/wp-json\/wp\/v2\/comments?post=543"}],"version-history":[{"count":10,"href":"https:\/\/life-safety.jp\/wordpress\/wp-json\/wp\/v2\/pages\/543\/revisions"}],"predecessor-version":[{"id":571,"href":"https:\/\/life-safety.jp\/wordpress\/wp-json\/wp\/v2\/pages\/543\/revisions\/571"}],"up":[{"embeddable":true,"href":"https:\/\/life-safety.jp\/wordpress\/wp-json\/wp\/v2\/pages\/489"}],"wp:attachment":[{"href":"https:\/\/life-safety.jp\/wordpress\/wp-json\/wp\/v2\/media?parent=543"}],"curies":[{"name":"wp","href":"https:\/\/api.w.org\/{rel}","templated":true}]}}